5
Let w(k) = 9*k**2 - 8*k + 12. What is the tens digit of w(9)?
6
Let z be 166/(-3) - -4 - (-1)/3. Let a = 87 + z. What is the units digit of a?
6
Let y(m) = m**2 - 1. Let z(h) = -2*h**2 + h - 12. Let p(d) = 3*y(d) + z(d). Let c = -39 - -29. What is the units digit of p(c)?
5
Let r = 144 + -139. Suppose 5*m + 82 = 2*u, 3*m + 53 = r*u - 114. What is the units digit of u?
1
Let w(f) = 2 + 2*f + 4*f + f**2 - 1. Let k be w(-5). Let a(y) = 4*y**2 + 6*y + 4. What is the tens digit of a(k)?
4
Suppose 0 = 12*f - 14*f - 12. Let m be f*4/(-16)*2. Let n = m - -45. What is the tens digit of n?
4
Suppose -403 = -7*j + 2089. Suppose -5*n + 596 = 3*s - 2*s, -s + j = 3*n. Suppose 7*g - 2*g = n. What is the units digit of g?
4
Suppose 4 + 6 = r + 2*l, 4*r = -l + 19. Suppose 3*z + 2*t - 304 = -z, r*z - 5*t - 304 = 0. What is the units digit of z?
6
Suppose -31*s + 17*s + 28994 = 0. What is the thousands digit of s?
2
Suppose 0*x + w = -5*x + 11613, x - 3*w - 2329 = 0. What is the hundreds digit of x?
3
Let h = -65 - -388. What is the units digit of h?
3
Suppose -3*a - 4*r + 1144 = 0, -4*r + 818 + 706 = 4*a. Suppose -4*g + 126 = 10*g. What is the units digit of g/(-6)*a/(-15)?
8
Suppose 16*w = 1428 + 6620. What is the tens digit of w?
0
Suppose l + 2*g - 4095 = 0, -3*l + 0*l - 5*g = -12284. What is the thousands digit of l?
4
Let y = 9 - 6. Suppose y*t = -2*t. Suppose 20 = p + 2*i, t = -i - 3*i. What is the tens digit of p?
2
What is the hundreds digit of (-122)/24 + (-12)/(-144) - -1408?
4
Suppose -5*k + 906 = 4*w - 3999, 4*k - 4 = 0. What is the tens digit of w?
2
Suppose 0 = 5*p - 0*p - 440. Let w be p/3 - (-8)/(-6). What is the units digit of (-4 + w)/(3/2)?
6
Suppose -4*j - 27*y + 23*y + 12408 = 0, 5*j = 5*y + 15510. What is the hundreds digit of j?
1
Suppose -x - 4 = 0, 3*o + 2*x = -0*o + 3160. What is the hundreds digit of o?
0
What is the tens digit of 27/(-24)*(-24)/(-18)*-168?
5
Let y be 6*(-8)/2*3/(-6). What is the units digit of 59 - (y/4 + -6 - -2)?
0
Suppose l + 10 = -4*l. Let m be l/(-1)*(-60)/(-24). Suppose 0*z - 73 = -3*t + m*z, -4*t - z = -105. What is the units digit of t?
6
Let a(p) = -p**2 - 20*p - 20. Let j be a(-18). Suppose -14*i = -j*i + 264. What is the hundreds digit of i?
1
What is the units digit of ((-4)/3)/((-18)/4023)?
8
Let a(c) = -c**2 + 3*c + 4. Let o be a(3). Suppose -4*b = -2*y - 736, -b - o*y = 3*b - 760. Suppose 5*m = -71 + b. What is the units digit of m?
3
Let w be ((-736)/16)/(1*2). Let x = w + 34. What is the units digit of x?
1
Let o(p) be the first derivative of 3*p**2/2 - p + 1. Let h be o(-3). What is the units digit of 75/h*4/(-6)?
5
Suppose 5*v - v = 0. Suppose 3*y + 3*n = v, 5*y + 2*n = -1 - 11. What is the units digit of (y/(-1) - -2) + -2?
4
Let n = 11 - 27. Suppose -38 = -2*y - 2*b, -y + 16 = -0*y + 2*b. Let k = n + y. What is the units digit of k?
6
Let a = 57 - 86. Let u = -26 - a. Suppose -128 = -u*x - x. What is the tens digit of x?
3
Let p be (3 + -8)*(-16)/20. Suppose -2 = -2*d, -p*d + 248 = 2*y + 2*y. What is the units digit of y?
1
Suppose 0 = -0*k + 2*k + 2. Let l be k/(-2) + (-14)/(-4). Suppose -l*c + 5 = -11. What is the units digit of c?
4
Let u(k) = k**2 - 7. Let s = -22 + 16. Let a be u(s). Suppose l + 0 = a. What is the tens digit of l?
2
Let y(n) = -n**2 - 7*n - 5. Let v = -13 - -8. Let r be y(v). Suppose -2*u + 9 = -3*t, -2*t = 4*u - 5 - r. What is the units digit of u?
3
What is the hundreds digit of (-23338)/(-16) + 99/264?
4
Let k(c) = 6*c - 7. Let s(z) = -7*z + 8. Let d(y) = 5*k(y) + 4*s(y). Let h be d(9). Let t = 33 - h. What is the tens digit of t?
1
Let t = 1018 + -609. What is the tens digit of t?
0
Let j = -774 + 1212. Suppose 2*p = i + i + j, -p + 225 = -3*i. What is the hundreds digit of p?
2
Suppose 3*j = -4*y + 11, 2*j + y = 7 + 2. Let a be (j/4)/(3/(-84)). What is the tens digit of (-12)/8 + a/(-2)?
1
Let k(x) = -627*x**3 - 2*x**2 - x - 1. What is the tens digit of k(-1)?
2
Let c(k) = k - 11. Let x be c(-7). What is the units digit of (1/3 - 1)*x?
2
Suppose 14*f = 18*f - 2244. Suppose 0*q - 11*q = -f. What is the units digit of q?
1
Let p be (16/12)/(4/6). Suppose -396 = -5*l - k, 3*k + p*k = -4*l + 300. What is the tens digit of l?
8
Suppose -8*k + 27 = k. Suppose 6 = 2*a, -k*b + b + 142 = 2*a. What is the tens digit of b?
6
Let n be 3/(-6) + 3/((-30)/3385). Let z = 583 + n. What is the tens digit of z?
4
Suppose 4*w = 1321 + 395. What is the hundreds digit of w?
4
Let v(j) = -2*j - 6. Let t be v(-4). Let c = t - -18. Suppose 0 = 2*d - 48 + c. What is the tens digit of d?
1
Let m = 2 - 28. Let f = m - -116. What is the tens digit of f?
9
Let x(m) = -11*m + 1. Let o be x(-1). Suppose o*u - 428 = 532. What is the tens digit of u?
8
Suppose -4080 = -81*m + 76*m. What is the hundreds digit of m?
8
Suppose -8250 = 574*y - 585*y. What is the units digit of y?
0
Let t(n) = 272*n - 52. What is the hundreds digit of t(1)?
2
Suppose -4*m - 3 = 5. What is the hundreds digit of (-4 + -3 + -46)*m?
1
Let q(x) = x**2 + x. Let z(i) = -i**3 - 19*i**2 - 4*i. Let g(v) = -5*q(v) - z(v). Suppose -2*n = 5*o + 3, 5*n + o = 3*n - 23. What is the units digit of g(n)?
4
Let t(z) = -z**3 + 11*z**2 - 10*z - 2. Suppose 6*a - 3*a - 22 = -5*f, 4*a - 5*f - 41 = 0. What is the units digit of t(a)?
0
Let x(h) be the second derivative of h**4/6 + h**3/6 - 4*h**2 - 6*h. What is the units digit of x(-4)?
0
Let c(i) = -9*i - 8. Suppose -4 = -2*h - 0*x + 5*x, -2*x = h - 20. Let l = h - 16. What is the units digit of c(l)?
8
Let p = -95 - -100. What is the tens digit of 113/4*(p + -1)?
1
Suppose 6*v - 9*v + 735 = 0. What is the units digit of ((-40)/14)/((-10)/v)?
0
What is the tens digit of ((-5520)/(-64))/((-2)/(-8))?
4
Let b(y) = y**2 + 2*y + 15. Let v be (-8)/(-60) + (-231)/45. What is the tens digit of b(v)?
3
Suppose -90 - 6 = 8*h. What is the units digit of (-861)/h + (1 - 2)/(-4)?
2
Let a = 358 + -166. What is the hundreds digit of a?
1
What is the thousands digit of (99 - 103) + (0 - -1 - -2405)?
2
What is the tens digit of ((-2)/(2*-1))/((-59)/(-112159))?
0
Let o(t) = 2*t**3 - 55*t**2 - 36*t - 134. What is the hundreds digit of o(29)?
3
What is the units digit of ((-936)/(-15))/((-14)/(-455))?
8
What is the thousands digit of -2 + -1 - (-46935)/45?
1
Suppose 4*x + 3*q + 2*q = 1992, 2*x = -4*q + 1002. What is the tens digit of x?
9
Suppose 5*c + 10 + 17 = l, 4*l - 5*c = 33. Let a(h) = -10*h + 23 + l*h + 9*h. What is the tens digit of a(0)?
2
Let x be -2*(18/(-4) + 3 + 0). Suppose -5*q = x*q - 360. What is the tens digit of q?
4
Let v(a) = 2*a**2 - 12*a - 12. Let l be v(7). Suppose 3*j + 4*t = -l*j + 380, 5*j = 3*t + 380. What is the units digit of j?
6
Suppose t - 3*f - 632 = 0, t - 26*f + 28*f - 622 = 0. What is the tens digit of t?
2
Let g(u) = -4 - 17*u + 0*u - 103*u - u. What is the hundreds digit of g(-1)?
1
Suppose 3*n = -2*b - 233 + 687, -486 = -2*b + 5*n. Suppose 5*y - b = -x - 83, 0 = 3*x. What is the tens digit of y?
3
Let p = 122 + -84. Suppose -6*l + p = -5*l. What is the units digit of l?
8
Let t = -20 + 22. Suppose -5*q = -d - 107, -t*q - 3*d = -0*d - 53. What is the tens digit of q?
2
Let l(g) = 8*g**2 - g + 1. Let z(d) = d**2 + 1. Let n(s) = l(s) - 3*z(s). What is the tens digit of n(-3)?
4
Let b = -2822 + 6027. What is the units digit of b?
5
Suppose -45090 = -0*u - 54*u. What is the units digit of u?
5
Let y = -1182 - -2645. What is the hundreds digit of y?
4
Suppose -4*p + 20 = 2*u, -u - 3*p = p - 18. Suppose 3*b = -12, 4*j + b - 12 = u*b. Suppose j*g = 7*g - 10. What is the units digit of g?
2
What is the tens digit of 19/((-152)/(-1296)) - 2?
6
Suppose 10 = 42*q - 37*q. Suppose 7*f - q*f - 6 = 2*c, 0 = 3*f - 2*c - 2. What is the units digit of (f/5)/(7/385)?
2
Suppose -2*b = -1652 + 398. What is the units digit of b?
7
What is the hundreds digit of 11*266/231*1146/4?
6
Let r = 41 - -75. What is the units digit of r?
6
Let w(k) = k - 15. Let v be w(9). Let t(r) = 7*r**2 + 11*r + 15. What is the tens digit of t(v)?
0
Suppose -2*a = -3*m - 7, 6*m - m = -3*a - 18. What is the tens digit of 63 - ((a - 2) + 1)?
6
Let l(p) = -138*p + 99. What is the thousands digit of l(-20)?
2
Suppose 0 = -8*f + 32382 + 10746. What is the units digit of f?
1
Let l(u) = -387*u - 23. What is the tens digit o